Suppose 0 = z*q - 27*q + 25. Let p(i) = 0*i - 2*i - 2*i + 3 + q*i. Calculate p(-10).
-7
Suppose -35*f - 5*u - 85 = -40*f, 54 = -2*f - 9*u. Let r(c) = -9*c**2 - 11*c - 11. Let t(y) = -5*y**2 - 5*y - 6. Let d(w) = -6*r(w) + 11*t(w). What is d(f)?
18
Suppose 10 = f + 3*u, 0 = -4*u + 7 + 1. Let h(x) = -f - 12 - x + 17. Suppose 0 = 4*k + 3 + 1. Give h(k).
2
Suppose 6*a = k + a - 21, -k - a - 9 = 0. Let d(o) = 7*o - 1234. Let y(v) = -11*v + 1973. Let q(c) = -8*d(c) - 5*y(c). What is q(k)?
11
Let o(f) be the first derivative of 3*f**2/2 + 2*f - 10. Let p = -925 - -923. Determine o(p).
-4
Let s(a) = -20*a + 111. Let l be s(5). Let b(q) = 2*q - l + 47*q**2 + 0*q - 48*q**2 + 8. Calculate b(2).
-3
Suppose -154 = -2*r + 2*y, -3*r = -y - 136 - 103. Let w = r - 84. Let x(u) = -3*u**2 - 2 + 2*u + 0 + 4*u**2. Determine x(w).
1
Let q = 17 - 20. Let i = 10 + q. Let k(l) be the third derivative of l**6/120 - l**5/10 - 3*l**4/8 + 4*l**3/3 + 1095*l**2. Determine k(i).
-6
Let t(j) = -2*j - 14. Let a = 522 - 522. Suppose -5*w = 5*o + 60, a = 4*w - 14*o + 17*o + 45. Determine t(w).
4
Let k(b) = -129*b + 51. Let n(d) = -226*d + 102. Let a(i) = -7*k(i) + 4*n(i). Determine a(45).
6
Let n(m) = 37*m - 91*m - 2*m**2 + 37*m + 4 + 8*m**2. Determine n(3).
7
Let z(t) be the first derivative of t**6/60 - 11*t**5/60 + 7*t**4/24 - t**3/2 - 15*t**2/2 + 150. Let j(p) be the second derivative of z(p). Give j(5).
7
Let y(u) be the second derivative of -43*u - 7/12*u**4 + 1/20*u**5 + u**3 - u**2 + 0. Calculate y(6).
-2
Let i be (-15)/(75/(-2990)) - (0 - 0). Let c be 52/i - 318/(-46). Let m(k) = 5*k - 4*k + k**2 - 9 - 3*k - 3*k. Give m(c).
5
Let u(k) = -2*k. Suppose -l - 12*l - 297 = 20*l. Determine u(l).
18
Let x(y) = y**3 + 22*y**2 + 22*y + 25. Suppose 0 = 191*p - 50*p + 2961. Calculate x(p).
4
Let p be (9/(-3))/(-6 + 4 + 1). Let f be (p/2)/(4/(-8)). Let o(h) = -5 - 2*h + 1 - 3*h - h**2. Give o(f).
2
Let z(y) = -6*y**2 - 48*y - 1. Suppose -24*n - 44 = -8 + 156. Calculate z(n).
-1
Let p(k) = 2*k**2 - 20*k - 6. Let c be p(10). Let f be 45 + ((-5)/(-10) - c/(-4)). Let z = 46 - f. Let r(g) = g - 2. What is r(z)?
0
Let q(n) = n - 3. Let k = -226 + 233. Let d be (0*k/42)/4. Determine q(d).
-3
Let y(f) be the first derivative of -1/3*f**3 - 4*f**2 - 55 - 7*f. Determine y(-7).
0
Let m(z) = 10*z + 1. Let g be 16/(-5) + (-12)/(-10). What is m(g)?
-19
Let b(g) = 1. Let y(u) = -2 + u**3 - 60*u - 5*u + 63*u. Let p(k) = -k - 7. Let o be p(-5). Let d(s) = o*b(s) - y(s). What is d(3)?
-21
Let x(b) = -b + 11. Let z be x(8). Let s(k) = 0*k - 2*k + z + 1 - 3. Let v = -15 - -17. Calculate s(v).
-3
Let l(d) = d + 2. Let n(x) be the first derivative of -x**3/3 - x**2/2 + x - 16. Let u be n(-8). Let q = u + 60. Give l(q).
7
Let l(z) be the first derivative of -z**3/3 - z**2 + 4*z + 2. Suppose -433*u - 7 = -512*u - 323. Give l(u).
-4
Let x be (-2)/(-7) + 1944/(-189) + 8. Let k(c) = 0 - 1 + 2 - 6*c**2 + 1 + c. Give k(x).
-24
Suppose -92*q + q - 498 = 75*q. Let z(w) = -11*w - 31. Determine z(q).
2
Let i(c) = 38*c - 2. Let w = 1434 - 1435. What is i(w)?
-40
Let d(n) = 2*n - 15. Let g(z) = -5*z + 96. Let p(a) = -13*d(a) - 2*g(a). Give p(1).
-13
Let j(w) be the third derivative of -w**6/60 - w**5/6 + 3*w**4/8 - w**3 - 618*w**2 + w. Calculate j(-6).
12
Let j(c) = c. Let t(n) = 99*n - 6. Let k be t(1). Let l(s) = -40 - 48 + k - s. Let a(w) = -2*j(w) - l(w). Calculate a(4).
-9
Suppose -4*y = -5*r - 25, 4*y + r - 3*r - 10 = 0. Let k(g) = -20 + 14 - 7 + 49 + g**2. Determine k(y).
36
Suppose -75 = -4854*o + 4879*o. Let d(w) = 8*w**2 + 1. Determine d(o).
73
Let g(u) = -34*u - 12. Let l be g(-4). Let f = -115 + l. Let q(p) = -p**2 + 7*p + 10. Give q(f).
-8
Let a(m) = -4*m + 7. Suppose 0 = c - 2, -2*c = 2*h - 4 + 6. Let g(y) = -2*y + 4. Let l(u) = h*a(u) + 7*g(u). What is l(5)?
-3
Let g(h) = -10*h**2 - 12*h**2 - h**3 + 1046 + 44*h - 1100 + h**2. Calculate g(-23).
-8
Let n(u) = u**2 + 3*u + 3. Let i(y) = -y + 2. Suppose -6*r + 28 = r. Let f be i(r). Give n(f).
1
Let p(a) be the third derivative of a**6/120 + a**5/30 - 5*a**4/12 + 11*a**3/6 - 335*a**2 + 2*a + 2. Give p(-5).
-14
Let p be (48/(-176) - 100/(-44))*-1. Let f(v) = -14*v**2 - 3*v - 1. What is f(p)?
-51
Let r = 13950 - 13947. Let t(j) be the second derivative of 17*j + 7/6*j**r + 0 + 1/12*j**4 + j**2. What is t(-6)?
-4
Let j(h) = -13*h + 3. Let l(p) = 26*p - 5. Let t(a) = 7*j(a) + 4*l(a). Let f be (2 - -4)/((-3)/(-2)). Suppose -6*g + 10*g = f. Calculate t(g).
14
Suppose -b - 16 = 3. Let r = 24 + b. Let x(i) = 13*i - 5*i - 7*i + r. Determine x(-9).
-4
Suppose 9*z + 17*z = 208. Let c(t) = -8 - 6*t**2 - 2*t - 3*t**2 - 3*t**2 + z*t**2 - t**3. Calculate c(-4).
0
Let t(j) be the second derivative of 17*j**3/6 - 7*j**2/2 - 11599*j. What is t(3)?
44
Let q(c) = -c**3 + 7*c**2 + 5*c - 7. Let w(a) = 13*a - 15*a**3 + 41*a**2 + 8*a + 7 + 13*a**3. Let j be w(21). What is q(j)?
28
Let z(w) = -w**2 - 4*w + 15. Let a be z(-7). Let t be ((-54)/a)/((-15)/(-10)). Let u(r) = -r**2 + 5*r + 5. Calculate u(t).
-1
Let x(j) = -3*j**3 - 3*j**2 - 9*j - 15. Suppose -49*o + 93*o + 6 = 41*o. What is x(o)?
15
Let w(k) = k**3 + 4*k**2 - 97*k - 6. Let m(i) = -5*i**3 - 61*i**2 + 51*i - 25. Let f be m(-13). Give w(f).
6
Let y(d) = -d**2 - 28*d + 32. Let f be y(-29). Suppose 2*v + 3*w = 32, -2*v - v + 42 = f*w. Let b(g) = -8*g + v*g - 7*g - 2*g. What is b(1)?
-7
Let n(v) = 2*v + 18*v - 40*v + 25*v - 17. Determine n(-5).
-42
Let j be ((-6)/(-4))/(-4 - 258/(-60)). Suppose 5*f + 3*p - 64 = 0, -5*f + f - j*p = -59. Let g(d) = f*d**2 - 9*d - 12*d**2 + 3*d - 5. Calculate g(-6).
-5
Let m(z) = 1 - 12 + z**3 - 9*z**2 - 2*z**3 - 10*z + 0*z**3. Let n = 5802 + -5810. Give m(n).
5
Let g(s) = 45*s**3 + 19*s**2 - 52*s + 73. Let u(h) = 7*h**3 + 3*h**2 - 9*h + 12. Let z(c) = -2*g(c) + 13*u(c). Calculate z(5).
95
Suppose 31 = 5*s - 2*p, 7 = 4*p - 1. Let n(x) = x**3 - 6*x**2 - 12*x - 10. What is n(s)?
-45
Let n(c) be the first derivative of -5*c**3 - 2*c**2 + 3*c + 868. Give n(2).
-65
Let m(b) = 2*b + 8. Suppose h + 32 + 80 = 0. Let f be (-2160)/h - 2/7. Suppose -v = -5*d - 8, 2*d - f - 3 = 4*v. What is m(v)?
-6
Let s(w) be the third derivative of 11*w**4/24 - 7*w**3/3 + 1249*w**2. Calculate s(5).
41
Let u(b) = -4*b**2 - 108*b + 4. Let m be ((-5390)/(-44))/35*108/(-14). Give u(m).
4
Suppose 41*v = 44*v + 9. Let y(b) = 2*b**3 + 3*b**2 - 2*b + 1. Let p(o) = 3*o**3 + 6*o**2 - 4*o + 4. Let s(f) = v*p(f) + 5*y(f). Calculate s(3).
-1
Let r(o) = 3 - o - 7*o**3 + 8 - 4*o**2 - 9. Suppose -3*f - f - 24 = 2*s, -11 = 8*s - f. Determine r(s).
44
Let z = 7173 + -7191. Let x(h) = h**3 + 21*h**2 + 55*h + 27. Give x(z).
9
Suppose -9*y + 12*y - 4*f = 3, 0 = 5*f. Let j = -4 - -4. Suppose 4*k + p = -y, -5*k - 2*p - 2 = -j*p. Let o(q) = q**2 + q - 9. What is o(k)?
-9
Let z(k) = 16*k - 6. Suppose 24204*s + 30 = 24189*s. Determine z(s).
-38
Let h(n) = n - 10. Suppose 5 = 8*y - 35. Suppose 0 = 2*c - 3*v + 12, -c - y*v + 20 = 4*c. Suppose c*f = -4*k + 4*f + 12, -3*f - 4 = -2*k. Calculate h(k).
-5
Let a(c) be the second derivative of -5*c**4/6 + c**3/3 - c**2 - 268*c. Suppose 3*z = -3*w + 15, 0*w - 5*w = 3*z - 21. Calculate a(z).
-38
Suppose 3*b - 2*f - 12 + 104 = 0, -152 = 5*b - 2*f. Let p be (3/(-5))/(3/b). Let x(c) = 2*c - 9. What is x(p)?
3
Let g(z) = z**3 + 3*z**2 + z - 5. Let a(r) = -2*r**3 + 2*r**2 - 4*r + 21. Let k(o) = -a(o) - g(o). What is k(4)?
-20
Let p be (-3)/81*-9*-969. Let s = p - -328. Let k(m) = m**2 - 11*m - 1. Determine k(s).
-31
Let o(x) be the first derivative of -1/4*x**4 + 5*x - x**2 + 10 - 5/3*x**3. Let b be -2 - (-8 + 11) - -1. What is o(b)?
-3
Let m(t) = -14*t - 5. Suppose 286*l - 278*l - 40 = 0. Let q(g) = 33*g + 12. Let f(z) = l*q(z) + 12*m(z). Determine f(1).
-3
Let u(v) = v**2 + 26*v - 113. Suppose -32 = 16*g - 96. What is u(g)?
7
Let i be 4/10 - (-7)/(-5). Let h be (i - 16/(-12))/(2/(-42)). Let y(x) = -x**2 - 6*x + 7. Give y(h).
0
Let h(k) = -8*k**2 + k + 2. Suppose c = -2*v + 11, 5*c + 1084*v = 1086*v - 17. Calculate h(c).
-7
Let t(d) = -8*d**2 + 2. Suppose 3*f + 5*r + 4 = 0, -154*f + 3*r + 12 = -151*f. Give t(f).
-30
Let y(q) = 2*q**2 - 5*q - 5. Suppose 2*r - 33*x + 34 = -29*x, -5*x + 40 = -2*r. Determine y(r).
70
Let d(n) = n**3 + 6*n**2 - 21*n - 29. Let v(h) = 331*h - 3318. Let r be v(10). What is d(r)?
